{"id":4,"date":"2015-08-07T16:01:50","date_gmt":"2015-08-07T16:01:50","guid":{"rendered":"https:\/\/www.communitystories.ca\/v2\/applebox-belles\/accueil\/"},"modified":"2016-09-08T16:29:02","modified_gmt":"2016-09-08T16:29:02","slug":"accueil","status":"publish","type":"page","link":"https:\/\/www.histoiresdecheznous.ca\/v2\/applebox-belles\/","title":{"rendered":"Les Belles des pommes"},"content":{"rendered":"<p>Les femmes ont \u00e9t\u00e9 les chevilles ouvri\u00e8res des stations fruiti\u00e8res de notre communaut\u00e9 pendant plus d\u2019un si\u00e8cle.<\/p>\n<p>Les Belles des pommes qui travaill\u00e8rent \u00e0 Lake Country jusque dans les ann\u00e9es 1950 vont vous permettre de d\u00e9couvrir le r\u00f4le crucial que les femmes ont jou\u00e9 aux premiers jours de l\u2019industrie fruiti\u00e8re. Les vergers et stations fruiti\u00e8res font partie int\u00e9grante de l\u2019histoire de Lake Country, depuis les premiers semis plant\u00e9s en 1907 jusqu\u2019\u00e0 aujourd\u2019hui. Ces femmes d\u00e9termin\u00e9es, en charge du triage, de l\u2019emballage, du conditionnement et de l\u2019\u00e9tiquetage des fruits, sont vite devenues la cheville ouvri\u00e8re des stations fruiti\u00e8res, transformant en un demi-si\u00e8cle un travail routinier en une profession hautement qualifi\u00e9e jusqu\u2019\u00e0 ce que l\u2019av\u00e8nement des nouvelles technologies donne un nouveau visage \u00e0 leur contribution professionnelle.<\/p>\n<p>L\u2019exposition \u00ab Les Belles des pommes \u00bb pr\u00e9sente l\u2019histoire des pionni\u00e8res, des saisonni\u00e8res et de la championne des <em>Apple Wrapper Flappers <\/em>\u00e0 travers des photographies d\u2019\u00e9poque, des entrevues et des souvenirs personnels. Faites la connaissance des Belles et d\u00e9couvrez leur h\u00e9ritage dans le cadre de cette passionnante exposition organis\u00e9e par la <em>Lake Country Museum and Archives<\/em>.<\/p>\n<div id=\"attachment_52\" style=\"width: 1000px\" class=\"wp-caption aligncenter\"><a href=\"https:\/\/www.communitystories.ca\/v2\/applebox-belles\/galerie\/les-employes-de-la-station-fruitiere-okanagan-valley-land-company-le-15-octobre-1948\/?lang=fr\"><img loading=\"lazy\" decoding=\"async\" aria-describedby=\"caption-attachment-52\" class=\"wp-image-52 size-full\" src=\"https:\/\/www.communitystories.ca\/v2\/applebox-belles\/wp-content\/uploads\/sites\/35\/2015\/09\/1997000155-e1443031139724.jpg\" alt=\"Photo officielle en noir et blanc repr\u00e9sentant un grand groupe de femmes et d\u2019hommes, \u00e0 l\u2019ext\u00e9rieur, sur des gradins, avec des caisses de pommes en arri\u00e8re-plan.\" width=\"1000\" height=\"673\" \/><\/a><p id=\"caption-attachment-52\" class=\"wp-caption-text\">Les employ\u00e9s de la station fruiti\u00e8re Okanagan Valley Land Company, le 15 octobre 1948<\/p><\/div>\n","protected":false},"excerpt":{"rendered":"<p>Les femmes ont \u00e9t\u00e9 les chevilles ouvri\u00e8res des stations fruiti\u00e8res de notre communaut\u00e9 pendant plus d\u2019un si\u00e8cle. Les Belles des pommes qui travaill\u00e8rent \u00e0 Lake Country jusque dans [&hellip;]<\/p>\n","protected":false},"author":6,"featured_media":321,"parent":0,"menu_order":0,"comment_status":"open","ping_status":"open","template":"template-home.php","meta":{"_monsterinsights_skip_tracking":false,"_monsterinsights_sitenote_active":false,"_monsterinsights_sitenote_note":"","_monsterinsights_sitenote_category":0,"footnotes":""},"class_list":["post-4","page","type-page","status-publish","has-post-thumbnail","hentry"],"_links":{"self":[{"href":"https:\/\/www.histoiresdecheznous.ca\/v2\/applebox-belles\/wp-json\/wp\/v2\/pages\/4","targetHints":{"allow":["GET"]}}],"collection":[{"href":"https:\/\/www.histoiresdecheznous.ca\/v2\/applebox-belles\/wp-json\/wp\/v2\/pages"}],"about":[{"href":"https:\/\/www.histoiresdecheznous.ca\/v2\/applebox-belles\/wp-json\/wp\/v2\/types\/page"}],"author":[{"embeddable":true,"href":"https:\/\/www.histoiresdecheznous.ca\/v2\/applebox-belles\/wp-json\/wp\/v2\/users\/6"}],"replies":[{"embeddable":true,"href":"https:\/\/www.histoiresdecheznous.ca\/v2\/applebox-belles\/wp-json\/wp\/v2\/comments?post=4"}],"version-history":[{"count":7,"href":"https:\/\/www.histoiresdecheznous.ca\/v2\/applebox-belles\/wp-json\/wp\/v2\/pages\/4\/revisions"}],"predecessor-version":[{"id":520,"href":"https:\/\/www.histoiresdecheznous.ca\/v2\/applebox-belles\/wp-json\/wp\/v2\/pages\/4\/revisions\/520"}],"wp:featuredmedia":[{"embeddable":true,"href":"https:\/\/www.histoiresdecheznous.ca\/v2\/applebox-belles\/wp-json\/wp\/v2\/media\/321"}],"wp:attachment":[{"href":"https:\/\/www.histoiresdecheznous.ca\/v2\/applebox-belles\/wp-json\/wp\/v2\/media?parent=4"}],"curies":[{"name":"wp","href":"https:\/\/api.w.org\/{rel}","templated":true}]}}