{"id":4,"date":"2019-08-08T14:01:28","date_gmt":"2019-08-08T14:01:28","guid":{"rendered":"https:\/\/www.communitystories.ca\/v2\/desgagnes-deux-siecles-goelettes_two-centuries-under-sail\/accueil\/"},"modified":"2020-10-23T14:57:40","modified_gmt":"2020-10-23T14:57:40","slug":"les-desgagnes-deux-siecles-en-goelette","status":"publish","type":"page","link":"https:\/\/www.histoiresdecheznous.ca\/v2\/desgagnes-deux-siecles-goelettes_two-centuries-under-sail\/","title":{"rendered":"Les Desgagn\u00e9s: deux si\u00e8cles en go\u00e9lette"},"content":{"rendered":"<p>Dans les veines des Desgagn\u00e9s d\u2019Am\u00e9rique coule de l\u2019eau sal\u00e9e. Ancr\u00e9s dans la r\u00e9gion de Charlevoix, au Qu\u00e9bec, depuis pr\u00e8s de 275 ans, leur histoire est intimement li\u00e9e au d\u00e9veloppement de la navigation au pays. Les Desgagn\u00e9s ont construit et pilot\u00e9 des navires de bois, d\u2019abord \u00e0 voiles puis \u00e0 moteur. Ils ont \u00e9t\u00e9 des t\u00e9moins et des acteurs privil\u00e9gi\u00e9s de l\u2019\u00e2ge d\u2019or du <a href=\"https:\/\/www.histoiresdecheznous.ca\/v2\/desgagnes-deux-siecles-goelettes_two-centuries-under-sail\/histoire\/lexique\/\">cabotage<\/a> (1860-1960). Leurs navires ont visit\u00e9 et approvisionn\u00e9 des territoires isol\u00e9s, toujours plus \u00e9loign\u00e9s, en ajoutant la baie d\u2019Ungava, la baie d\u2019Hudson et la Terre de Baffin \u00e0 la liste de leurs destinations; l\u2019Atlantique Nord est leur royaume.<\/p>\n<p>Ils ont, d\u2019ann\u00e9e en ann\u00e9e, ouvert une route en tissant un lien d\u00e9sormais essentiel aux populations isol\u00e9es du Nord.<\/p>\n<p>Ils sont marins, capitaines, pilotes ou, sur la c\u00f4te, grutiers, architectes, ethnologues, avocats, garde-c\u00f4tes ou romanci\u00e8res. Leurs descendants racontent deux cents ans de <a href=\"https:\/\/www.histoiresdecheznous.ca\/v2\/desgagnes-deux-siecles-goelettes_two-centuries-under-sail\/histoire\/lexique\/\">go\u00e9lettes<\/a> en l\u00e9guant au Canada le Mus\u00e9e maritime de Charlevoix.<\/p>\n<p>Leur saga comme leur histoire a de l\u2019avenir. Partez en mer avec eux !<\/p>\n","protected":false},"excerpt":{"rendered":"<p>Dans les veines des Desgagn\u00e9s d\u2019Am\u00e9rique coule de l\u2019eau sal\u00e9e. Ancr\u00e9s dans la r\u00e9gion de Charlevoix, au Qu\u00e9bec, depuis pr\u00e8s de 275 ans, leur histoire est intimement li\u00e9e [&hellip;]<\/p>\n","protected":false},"author":78,"featured_media":45,"parent":0,"menu_order":0,"comment_status":"closed","ping_status":"closed","template":"template-home.php","meta":{"_mi_skip_tracking":false,"_monsterinsights_sitenote_active":false,"_monsterinsights_sitenote_note":"","_monsterinsights_sitenote_category":0,"footnotes":""},"_links":{"self":[{"href":"https:\/\/www.histoiresdecheznous.ca\/v2\/desgagnes-deux-siecles-goelettes_two-centuries-under-sail\/wp-json\/wp\/v2\/pages\/4"}],"collection":[{"href":"https:\/\/www.histoiresdecheznous.ca\/v2\/desgagnes-deux-siecles-goelettes_two-centuries-under-sail\/wp-json\/wp\/v2\/pages"}],"about":[{"href":"https:\/\/www.histoiresdecheznous.ca\/v2\/desgagnes-deux-siecles-goelettes_two-centuries-under-sail\/wp-json\/wp\/v2\/types\/page"}],"author":[{"embeddable":true,"href":"https:\/\/www.histoiresdecheznous.ca\/v2\/desgagnes-deux-siecles-goelettes_two-centuries-under-sail\/wp-json\/wp\/v2\/users\/78"}],"replies":[{"embeddable":true,"href":"https:\/\/www.histoiresdecheznous.ca\/v2\/desgagnes-deux-siecles-goelettes_two-centuries-under-sail\/wp-json\/wp\/v2\/comments?post=4"}],"version-history":[{"count":5,"href":"https:\/\/www.histoiresdecheznous.ca\/v2\/desgagnes-deux-siecles-goelettes_two-centuries-under-sail\/wp-json\/wp\/v2\/pages\/4\/revisions"}],"predecessor-version":[{"id":558,"href":"https:\/\/www.histoiresdecheznous.ca\/v2\/desgagnes-deux-siecles-goelettes_two-centuries-under-sail\/wp-json\/wp\/v2\/pages\/4\/revisions\/558"}],"wp:featuredmedia":[{"embeddable":true,"href":"https:\/\/www.histoiresdecheznous.ca\/v2\/desgagnes-deux-siecles-goelettes_two-centuries-under-sail\/wp-json\/wp\/v2\/media\/45"}],"wp:attachment":[{"href":"https:\/\/www.histoiresdecheznous.ca\/v2\/desgagnes-deux-siecles-goelettes_two-centuries-under-sail\/wp-json\/wp\/v2\/media?parent=4"}],"curies":[{"name":"wp","href":"https:\/\/api.w.org\/{rel}","templated":true}]}}